rue
Is 22917 a prime number?
False
Is 34387 prime?
False
Is 11643743 a prime number?
True
Is 481997 prime?
True
Is 32539 a prime number?
False
Is 115897 prime?
False
Is 1671 a prime number?
False
Is 3363167 prime?
True
Is 220909 a prime number?
False
Is 389507 a composite number?
False
Is 1372585 a prime number?
False
Is 27953 prime?
True
Is 169255 composite?
True
Is 61345 prime?
False
Is 4633 a composite number?
True
Is 252803 prime?
False
Is 103001 a composite number?
False
Is 224239 a prime number?
True
Is 385129 a composite number?
False
Is 101741 a prime number?
True
Is 43391 a composite number?
False
Is 43151 a composite number?
False
Is 5489 composite?
True
Is 743 prime?
True
Is 76343 composite?
False
Is 966307 a prime number?
True
Is 3973 prime?
False
Is 882551 a composite number?
False
Is 14257 composite?
True
Is 38147 a prime number?
False
Is 4258 a composite number?
True
Is 5347 a composite number?
False
Is 576377 a prime number?
True
Is 12499 a prime number?
False
Is 6749 composite?
True
Is 69401 composite?
False
Is 7993 prime?
True
Is 6529 a prime number?
True
Is 1450249 a prime number?
True
Is 1171 composite?
False
Is 54109 composite?
True
Is 8857 prime?
False
Is 30182 a composite number?
True
Is 13579 a prime number?
False
Is 11378 a composite number?
True
Is 76537 a prime number?
True
Is 2834587 prime?
False
Is 451859 a composite number?
False
Is 1421213 a composite number?
False
Is 798881 a prime number?
False
Is 258943 composite?
True
Is 765299 a composite number?
True
Is 19811 a prime number?
False
Is 869 a prime number?
False
Is 9173 composite?
False
Is 157705 a prime number?
False
Is 2161 composite?
False
Is 85331 a prime number?
True
Is 104459 composite?
False
Is 8663 prime?
True
Is 701819 composite?
False
Is 499294 a prime number?
False
Is 93919 composite?
True
Is 8543 composite?
False
Is 15251 a prime number?
False
Is 249017 composite?
False
Is 90205 a prime number?
False
Is 1397 a prime number?
False
Is 9521 a prime number?
True
Is 161687 composite?
True
Is 114407 a prime number?
True
Is 18229 composite?
False
Is 2302 a prime number?
False
Is 35023 composite?
False
Is 105649 a composite number?
False
Is 60589 composite?
False
Is 47413 a prime number?
False
Is 42551 composite?
True
Is 680815 a composite number?
True
Is 7103 prime?
True
Is 14843 composite?
False
Is 182773 a prime number?
True
Is 13217 composite?
False
Is 122809 prime?
False
Is 31883 composite?
False
Is 18899 composite?
False
Is 155119 composite?
False
Is 39521 a composite number?
False
Is 619 prime?
True
Is 19289 a prime number?
True
Is 7403 composite?
True
Is 1361 composite?
False
Is 3109 a composite number?
False
Is 253853 composite?
False
Is 128111 a prime number?
True
Is 47 composite?
False
Is 357229 composite?
False
Is 270731 composite?
True
Is 114511 a prime number?
False
Is 9793 composite?
True
Is 51577 a composite number?
False
Is 191003 a prime number?
False
Is 15073 prime?
True
Is 52454 composite?
True
Is 10841 a prime number?
False
Is 114249 prime?
False
Is 1397 prime?
False
Is 192719 composite?
True
Is 11623 a prime number?
False
Is 894623 a composite number?
True
Is 2159 a composite number?
True
Is 7121 a prime number?
True
Is 27266 a prime number?
False
Is 2050057 a composite number?
False
Is 1393 a prime number?
False
Is 326537 a composite number?
False
Is 75907 a prime number?
False
Is 56659 prime?
True
Is 688165 a composite number?
True
Is 266314 a prime number?
False
Is 396551 a prime number?
False
Is 197831 composite?
False
Is 10914073 prime?
True
Is 409861 prime?
True
Is 11839 a prime number?
True
Is 72791 composite?
True
Is 290593 a prime number?
True
Is 52627 composite?
False
Is 406309 a composite number?
False
Is 1218089 composite?
False
Is 137927 a prime number?
True
Is 4049 a composite number?
False
Is 8573 a prime number?
True
Is 2734 composite?
True
Is 14143 a prime number?
True
Is 371487 a composite number?
True
Is 6599 a prime number?
True
Is 3829 a prime number?
False
Is 40331 a composite number?
True
Is 1717349 a prime number?
True
Is 12767 composite?
True
Is 43574 prime?
False
Is 46679 composite?
False
Is 292501 a prime number?
False
Is 101237 a prime number?
False
Is 94019 composite?
True
Is 8741 prime?
True
Is 26903 a composite number?
False
Is 677 composite?
False
Is 364699 composite?
False
Is 12767 prime?
False
Is 739 composite?
False
Is 8147 a composite number?
False
Is 9199 a prime number?
True
Is 3967 prime?
True
Is 74299 prime?
False
Is 478913 prime?
True
Is 42613 a prime number?
False
Is 35437 a composite number?
False
Is 498331 a composite number?
False
Is 691853 a prime number?
False
Is 14683 composite?
False
Is 84499 prime?
True
Is 368717 composite?
False
Is 10201 composite?
True
Is 2899 a composite number?
True
Is 7451 prime?
True
Is 477091 prime?
True
Is 311393 prime?
True
Is 3078001 prime?
True
Is 1774 prime?
False
Is 2503 a composite number?
False
Is 29411 a composite number?
False
Is 23497 prime?
True
Is 5567 composite?
True
Is 3205 prime?
False
Is 3102041 a prime number?
False
Is 1194707 composite?
False
Is 367799 a prime number?
False
Is 644939 prime?
False
Is 9613 prime?
True
Is 22163 a prime number?
False
Is 4187 prime?
False
Is 201371 composite?
True
Is 38393 a composite number?
False
Is 114083 a composite number?
False
Is 117959 a composite number?
False
Is 10357 composite?
False
Is 129169 prime?
True
Is 78205 a prime number?
False
Is 21341 a composite number?
False
Is 1612517 a composite number?
False
Is 3787 prime?
False
Is 327851 prime?
True
Is 208877 prime?
True
Is 2771 prime?
False
Is 14393 prime?
False
Is 34601 prime?
False
Is 2767 composite?
False
Is 264611 a prime number?
False
Is 7147 a prime number?
False
Is 1563 prime?
False
Is 98531 prime?
False
Is 4211245 composite?
True
Is 10903 a composite number?
False
Is 45283 composite?
True
Is 35963 composite?
False
Is 7499 a prime number?
True
Is 25241 composite?
True
Is 68833 a prime number?
False
Is 18859 a composite number?
False
Is 11777 a composite number?
False
Is 920017 a prime number?
False
Is 21167 a prime number?
False
Is 28682 prime?
False
Is 763835 a prime number?
False
Is 52009 prime?
True
Is 193073 a composite number?
False
Is 61373 prime?
False
Is 17657 a prime number?
True
Is 25187 a prime number?
False
Is 877333 composite?
False
Is 3598453 composite?
False
Is 5923 prime?
True
Is 13459 prime?
False
Is 125399 a prime number?
True
Is 7621 a prime number?
True
Is 22921 prime?
True
Is 167689 a composite number?
True
Is 12829 a composite number?
False
Is 288383 prime?
True
Is 223417 composite?
True
Is 215957 a prime number?
False
Is 43403 prime?
True
Is 943471 prime?
True
Is 95059 a prime number?
False
Is 537631 composite?
True
Is 960569 a prime number?
True
Is 7522 composite?
True
Is 101173 a composite number?
False
Is 89959 a composite number?
False
Is 278969 a prime number?
False
Is 1262143 composite?
False
Is 1937267 a prime number?
False
Is 29702 a prime number?
False
Is 203201 a composite number?
True
Is 389471 a composite number?
True
Is 52097 prime?
False
Is 151007 prime?
True
Is 1074287 composite?
False
Is 2047 composite?
True
Is 286123 prime?
False
Is 863671 a composite number?
False
Is 326611 prime?
True
Is 74809 composite?
True
Is 287669 composite?
False
Is 1259 composite?
False
Is 12251 a composite number?
False
Is 3671 prime?
True
Is 43699 composite?
True
Is 64103 prime?
False
Is 411371 a prime number?
True
Is 43109 composite?
True
Is 11721 a composite number?
True
Is 428731 a composite number?
False
Is 490687 prime?
False
Is 1189 a composite number?
True
Is 2080887 a prime number?
False
Is 293053 prime?
False
Is 2827 prime?
False
Is 18329 prime?
True
Is 174626 composite?
True
Is 1376773 prime?
True
Is 18413 a composite number?
False
Is 35671 prime?
True
Is 238611 a prime number?
False
Is 10903 a prime number?
True
Is 9617 composite?
True
Is 6733 composite?
False
Is 447019 prime?
True
Is 879917 a prime number?
True
Is 5167 prime?
True
Is 103081 prime?
False
Is 934387 prime?
True
Is 18113 prime?
False
Is 225089 composite?
False
Is 676523 prime?
True
Is 407783 prime?
True
Is 3560855 a composite number?
True
Is 2357279 a prime number?
True
Is 7723 composite?
False
Is 41269 composite?
False
Is 749653 composite?
False
Is 1